 - 23
-18
Calculate 32 + -14 + -22 + (2 - -4).
2
Evaluate 5 - ((18 - 12) + 14).
-15
Calculate 0 + (8 - (10 + 1 + -4 - 2)).
3
What is -16 - (15 + -9 - 14 - -8)?
-16
(4 - -1) + -1 - (17 - (20 - 0))
7
Calculate (1 - 17 - -1) + -4435 + 4448.
-2
Evaluate -23 + (6 - 12) + -2 + 0.
-31
Evaluate 1 + (42 - (11 - 4) - 12).
24
Evaluate 9 + (-6 - (5 + 4)) - -7.
1
What is the value of 2 + -2 + -2 - -9 - 1?
6
Evaluate -5 + (-7 - (-4 + -8) - -3) + 14.
17
-36 + 47 + -4 + 1
8
Calculate (-3 - 0 - (12 - -11 - 13)) + 5.
-8
Evaluate 17 + -20 + 5 - (26 - 13).
-11
What is the value of -22 + 74 + -35 + -39?
-22
-11 + 4 + (8 - 4)
-3
What is the value of 14 - (-5 + (5 - -1))?
13
What is -88 + 118 + (6 - 18)?
18
Evaluate 9 - (-4 - (-5 - (1 + 4 - 10))).
13
19 - (70 + (14 - 55))
-10
10 + -2 - (11 - (-13 + 28))
12
17 - (5 + 5 + -7)
14
Evaluate (-5 + 12 + -23 - -7) + 1 - -7.
-1
Calculate 2 - (-6 - (1 - (5 - 0))).
4
6 + (1 - 7) + (-8 - -16) + -20
-12
(0 + 1 - 0) + 3 + (-6 - -10)
8
Calculate 22 + -26 + 16 + 1 + -1.
12
Calculate (17 - -22) + -23 - 9.
7
What is 1 + -11 + -2 - -5?
-7
Evaluate -3 + -38 + 13 + 9.
-19
What is -4 + (-1 + 5 - 8 - 0) + 14?
6
Calculate -8 - -2 - (-32 - -21 - (-3 + -2)).
0
Evaluate 20 + -2 - (11 + 6).
1
What is (-96 + 33 - -29) + 12?
-22
What is -7 + (-3 - (-6 - (-13 + 7 + 1)))?
-9
Calculate 11 + 11 + -13 - 24 - 3.
-18
(84 - 81) + 1 + 10 + (-1 - -2)
15
(40 - 52) + 1 + -4 + 6 + -4
-13
Evaluate (-7 - (-5 + 8)) + (5 - -2) + -1.
-4
6 + (-3 - (12 - 3)) - 10
-16
Calculate (57 - (36 + 10)) + 1 + -8.
4
Calculate 39 - (-40 + 31 - -36).
12
Calculate (-35 - -36) + -18 + -3.
-20
Evaluate -20 - -15 - (2 - 2 - 18).
13
What is the value of -9 + -19 + 24 - (-6 - 0 - 3)?
5
Evaluate 141 + -144 + (-2 + 1 - -1).
-3
Calculate -20 + (-18 - -14) - (3 + -13).
-14
Evaluate (-3 + 2 - -6) + -50 + 139 + -61.
33
Calculate 26 + (1 - 10) - 10.
7
Calculate -92 + 103 - (17 - 1).
-5
5 - (7 - 2 - -2 - (-87 - -100))
11
Evaluate 21 + (-20 - -6) + -5.
2
Evaluate 34 - 16 - (28 + -9).
-1
What is the value of -2 + (-4 - -3) + -3 - -7 - 6?
-5
What is (-9 - 16) + -2 + 0 + (-17 - -24)?
-20
-13 + -12 + (2 - -13)
-10
What is -9 - ((-4 - -3) + 7 - 4)?
-11
What is the value of 7 - (-54 + 58) - (-21 + -1)?
25
What is (-34 - -33) + (-4 - 2) + -2 - -6?
-3
-2 + 5 + -6 - (7 - 5)
-5
-35 + -11 + 20 + 11
-15
(36 - 29) + (4 - (5 + 2))
4
-10 - 12 - -10 - -5
-7
What is the value of -58 - -64 - (2 + (-17 - 0))?
21
What is the value of 34 + 13 + -32 + (3 - -8) + -3?
23
-1 + -12 + 7 + 8 + -15
-13
Calculate 8 - ((2 - 3) + -1 + 38 + -34).
6
What is the value of -5 + 27 + -14 - 11?
-3
Evaluate -3 + (-3 - -6) + -16 + 12 + -1.
-5
-8 - (-19 - (19 + -24))
6
Calculate (12 - 3) + -5 + (3 - -6) - 4.
9
Evaluate -11 - ((-13 - -20) + -29).
11
What is the value of (-1 + 0 - 7) + 3 + 8?
3
Calculate 2 - -3 - (148 + -131).
-12
What is -6 + (17 - (6 + -11) - (-3 - -11))?
8
Calculate -14 + 0 + (-8 - -28).
6
What is -35 - (-13 - (-6 + 13))?
-15
Calculate (21 - (27 + -14)) + 5.
13
-9 - -21 - (-5 - (5 + -3 - -2))
21
Calculate -4 - (-19 + (-16 - -24)).
7
What is 5 + 9 + (-17 - (-4 + 2))?
-1
Evaluate -6 + -14 - (-2 - -5).
-23
What is the value of (4 - 2 - (-32 + 23)) + 23?
34
What is -9 + 4 + 31 + -10?
16
87 - 99 - (-2 - 1)
-9
What is -53 + 33 + (4 - -2) + 4?
-10
What is ((-9 - -1) + 33 - 12) + 1?
14
What is the value of (3 - (-5 - -10)) + -5 - (-32 - -4)?
21
What is the value of 2 + -24 + -81 + 102?
-1
Evaluate -10 + (-9 - (-31 + -12)) + -11.
13
Evaluate (-1 - -8) + 3 + 3 + 15 + -15.
13
Evaluate -18 + (23 - -10) - (0 + -5).
20
Calculate (7 - (2 - -8)) + (-19 - (1 - 1)).
-22
13 + (-9 - -25) + -17
12
What is 16 - (12 - -9) - -4?
-1
Calculate 2 + -3 - -9 - -1 - (-25 + 30).
4
What is the value of 11 + (-5 - -3) + (7 - 1 - 12)?
3
What is -17 + (17 - (-12 + 16))?
-4
Evaluate -66 + 51 + 2 + 8 - -2.
-3
Calculate 144 + -127 + -5 + -31.
-19
What is the value of (-38 - -34 - (-2 + -8)) + 6?
12
What is the value of -1 + 3 + (-139 - -124)?
-13
What is the value of 14 + (-11 - 1 - -1) + 18?
21
-48 - -3 - (8 + -12 + -7)
-34
Calculate -27 - (-62 - -51) - (-2 - -14 - 0).
-28
What is 6 + (-16 - -11) + 7 - (29 - 1)?
-20
Evaluate (16 - -3) + (2 - -1) - 4.
18
Evaluate -2 - -31 - (-126 + 147).
8
-13 + (-25 - -16) + 53
31
Evaluate 0 - (3 - (18 - 11)).
4
What is -54 - -57 - (7 - 0)?
-4
What is the value of (148 - 143 - (15 - 2 - 1)) + -6?
-13
Calculate -10 - (39 - 13 - 33).
-3
Calculate (-5 - (-8 + 5) - 2) + 9.
5
Evaluate (7 - (10 - 16 - (2 + -1))) + -1.
13
What is the value of (-25 - 7 - -76) + -67?
-23
What is the value of (-16 - -3) + 3 + 31?
21
What is the value of 1 + 17 - (23 - 17 - 6)?
18
(5 - -2 - 2) + -4 + -17
-16
Calculate -77 + 82 + (-2 - 2) - (0 + -18).
19
What is the value of 28 + (21 - 22) - (-10 + 7 + -1)?
31
Calculate 14 + (0 - (3 - 10) - (-4 + 13)).
12
(-30 + 17 - -4) + 0 + -5 - -2
-12
Evaluate (-71 - -69) + (11 - 6) + -4.
-1
What is the value of (-20 - (-8 + 0 + 1)) + 16?
3
Evaluate -1 + 2 + -28 + 30.
3
What is the value of 1 + -6 + (17 - 4) - 9?
-1
Evaluate -14 + 1 - ((1 - 0) + -52 + 43).
-5
Evaluate -7 + -1 - ((4 - -8) + -2).
-18
What is -2145 + 2204 - (0 + 21)?
38
What is 4 + -1 + (-25 + -6 + 3 - -10)?
-15
Calculate (-10 + 24 - 23) + -6 + -2.
-17
What is the value of 1 - (2 - -1) - (3 + 14 + -10)?
-9
What is 3 + 2 - (19 + 5 + -11 + 12)?
-20
What is the value of 6 - (5 + -9 + 8) - 9?
-7
Evaluate 16 - (2 + (10 - 0)).
4
Evaluate (17 - -1) + -4 + (-26 - -18 - -14).
20
(18 - (8 + 7 + 5 + -31)) + 8
37
Evaluate 13 + -24 + 8 - (12 - -3).
-18
Evaluate -6 - (-14 - 7 - -9) - (5 - 4).
5
8 + (18 - 19) - (-2 + -3 + 6)
6
(26 - 18 - 18) + 16
6
Evaluate (15 - 15) + (1 - (-6 + 3)) + -1.
3
Evaluate 6 + (40 + -24 - 25) - (0 + 8).
-11
(-30 - -44) + 7 + 2 + 2 + -2
23
-6 + 11 + (10 - (-6 + 0))
21
Calculate 4 + 8 + (12 + -12 - 3).
9
What is the value of -7 - (2 + -1) - (1406 + -1422)?
8
What is the value of -2 + -1 + -1 + (-3 - -8 - 5)?
-4
What is the value of -3 - 1 - 4 - (4 + -14)?
2
What is the value of (-12 - -28) + -39 - -2?
-21
What is 0 - 8 - (6 - -5 - 8)?
-11
7 + 37 + -23 + -39
-18
54 + -49 + 20 + -41
-16
Calculate 10 - ((-5 - -14) + 2 + -5).
4
Evaluate 0 + (3 - -2) + -4 + (7 - -8).
16
Evaluate -16 + -1 + -2 + (0 - -5) + 5.
-9
(1 - (6 + 1 + 0 - 3)) + 5
2
What is the value of 3 - (1 + (-4 + 4 - -7 - 6))?
1
What is -1 + (-13 - (-14 + -3))?
3
Evaluate -18 + 23 + -32 - -1.
-26
Evaluate (-6 - (-7 - 3)) + 8 + 1.
13
What is (11 - (4 + -5) - 12) + -8?
-8
Evaluate (32 - -3 - 92) + 40.
-17
(34 - 0) + -21 + 4 + 6
23
What is the value of -18 - -57 - (-33 + 69)?
3
What is -3 + (7 - -1) + 21 + -19?
7
-11 + 58 + (10 - 28)
29
Evaluate (1 - -6) + (-317 - -315).
5
Evaluate (-15 - -14) + 2 + (8 - (4 - -4)).
1
What is the value of -33 + (-17 - -24) + 29?
3
Evaluate (19 - 5) + (25 - (19 - 3)).
23
Calculate -12 - (-15 - ((-10 - 13) + 6)).
-14
Calculate 4 + 18 - (4 + (-14 - 3)).
35
What is 32 + 35 + -38 + (1 - 2)?
28
Calculate (41 - (11 + -3)) + -28.
5
What is the value of -3 - ((-12 - -3) + -7 + (4 - -3))?
6
-13 - (14 + (27 - 12 - 34))
-8
What is -4 + (-1 - 4) + 2 - -6 - 2?
-3
-8 + 2 + (-6 - -12) + 3
3
Evaluate (17 + -3 - 21) + 10.
3
What is -1 + -7 - (-42 - -81 - 29)?
-18
What is -2 + 3 - (-1 - 0 - (-14 + 11))?
-1
-1 + -1 + 3 + 0 + 0
1
What is (-3 - (14 + -3)) + 17 + -15?
-12
9 + 3 - ((1 - (-6 - -2)) + -3)
10
Evaluate (0 + 10 + -3 - 58) + 17.
-34
Evaluate (-15 + 17 - 15) + 6 - -21.
14
Evaluate -10 - (-31 + 16) - -12.
17
1 + 2 + -14 + 1 - (-1836 - -1859)
-33
Calculate 37 + (-17 - 20) + (2 - 5).
-3
Calculate 250 - 220 - (21 + -1).
10
What is the value of 0 + (-1 - -8) + (33 - (-10 + 47))?
3
Evaluate (4 - 8 - -3) + (-22 - -24).
1
What is ((3 - -2) + (4 - 10) - 8) + -8?
-17
Calculate 82 + -70 - (-2 - -7) - -5.
12
What is (2 - 48) + (247 - 161)?
40
15 - ((-3 - 7) + 33)
-8
What is the value of (2 - 9 - (-4 + -4)) + 4?
5
What is the value of -8 + -9 + (4 - 6) + 15?
-4
(1 - (6 + -15)) + -3 + 0 - -7
14
-23 - (-23 + 20) - -13
-7
What is the value of -15 - (-20 + 7 - -4 - (-4 + -3))?
-13
What is -41 + (8 - -1 - (-24 - -30))?
-38
Evaluate 2 - (36 + -24 + (3 - (-5 + -1))).
-19
What is the value of (13 - -4) + -25 - -17?
9
What is the value of 14 + (-10 - -4) + -6 + -7?
-5
Evaluate 2 - 6 - (0 - -17) - (238 + -241).
-18
Calculate 0 - (7 - (17 + -2)).
8
What is (-26 - -40) + -28 + 0?
-14